 -l**2 - 9*l + 29153. Calculate r(-155).
6523
Let w(o) = -178*o - 1954. What is w(-14)?
538
Let l(q) = q**3 - 317*q**2 + 989*q - 14756. Determine l(314).
2
Let z(d) = d**2 + 1013*d - 26062. Give z(25).
-112
Let f(n) = n**3 - 40*n**2 - 1262*n - 126. What is f(61)?
1033
Let k(p) = -50*p**2 - 217*p + 6789. Give k(-14).
27
Let p(u) = 2*u**3 - 1528*u**2 + 77893*u + 5313. Determine p(55).
-22
Let f(s) = -4*s**2 + 613*s + 23721. Calculate f(-32).
9
Let r(l) = 2*l**3 + 16*l**2 - 6*l - 1823. Determine r(0).
-1823
Let j(g) = -2735*g - 1893. Determine j(-1).
842
Let v(a) = -13*a**2 - 1879*a + 18938. Give v(-154).
-4
Let k(v) = -524151*v - 2096625. Give k(-4).
-21
Let p(o) = o**2 - 91889*o - 827076. Give p(-9).
6
Let h(d) = 2*d**3 - 25*d**2 - 224*d + 145. What is h(16)?
-1647
Let h(k) = k**2 - 2969*k - 540314. Calculate h(-172).
-62
Let q(f) = 133*f**3 + 33*f**2 + 74*f + 6. Calculate q(-2).
-1074
Let d(c) = -52*c**3 - 229*c**2 + 176*c + 108. Determine d(-5).
3
Let n(f) = 7284*f + 495323. What is n(-68)?
11
Let y(i) = i**2 + 197519*i - 23. Calculate y(0).
-23
Let c(t) = 5*t**3 + 5*t**2 - 431*t - 2451. What is c(-6)?
-765
Let g(f) = -284*f - 974. What is g(-9)?
1582
Let x(j) = -2700*j**2 + 27038*j - 421. What is x(10)?
-41
Let s(j) = -5446*j + 141599. Determine s(26).
3
Let l(b) = b**3 - 242*b**2 + 2971*b + 73. Give l(13).
-5
Let l(f) = -141901*f - 141943. What is l(-1)?
-42
Let c(v) = 2*v**3 + 122*v**2 + 103*v + 733. Give c(-60).
1753
Let h(f) = -f**3 - 13*f**2 - 51*f - 121. Calculate h(-5).
-66
Let k(h) = 34*h**3 - 8124*h**2 - 536*h + 13867. Calculate k(239).
5
Let w(r) = 7*r**2 - 1737*r - 4869. Calculate w(251).
151
Let l(r) = -3*r**3 - 33*r**2 + 4*r - 193. Calculate l(-9).
-715
Let g(u) = 1332025*u - 9324181. What is g(7)?
-6
Let v(r) = -r**3 - 5*r**2 + 2648*r + 259. Give v(0).
259
Let c(y) = -y**2 + 936395*y - 6554715. Calculate c(7).
1
Let q(k) = 2322*k + 936273. Calculate q(-403).
507
Let a(o) = 29*o**3 - 262*o**2 - 80*o + 814. Determine a(9).
13
Let q(u) = u**2 + 59301*u - 1898649. Calculate q(32).
7
Let w(k) = 654*k - 18198. What is w(28)?
114
Let k(a) = 15*a**2 - 80*a - 11. Give k(-10).
2289
Let x(k) = -5*k**2 - 725*k - 11710. Give x(-17).
-830
Let g(z) = -z**2 + 32768*z + 229447. Give g(-7).
22
Let w(u) = u**3 - 230*u**2 + 1563*u - 621. What is w(223)?
-175
Let a(l) = 2*l**2 + 64*l + 507. What is a(-18)?
3
Let t(l) = -15*l**2 - 162*l - 93. Calculate t(-12).
-309
Let x(g) = -8*g**2 - 137*g + 33. Give x(-17).
50
Let b(a) = -242*a + 17332. Calculate b(72).
-92
Let c(z) = -3*z**3 - 36*z**2 - 94*z + 49. What is c(-4)?
41
Let g(r) = -665*r**2 + 131049*r - 8690. What is g(197)?
-22
Let d(v) = -38*v**3 - 16*v**2 + 28*v. Calculate d(2).
-312
Let p(d) = -9*d**2 + 336*d + 37. Give p(40).
-923
Let c(h) = h**2 - 18833*h + 188218. Give c(10).
-12
Let k(s) = -10*s**2 + 1165*s - 11604. Determine k(11).
1
Let q(u) = -350798*u + 2455580. Give q(7).
-6
Let v(f) = 2*f**2 - 2012*f - 29577. Give v(-15).
1053
Let r(k) = k**2 + 256*k + 6152. Determine r(-30).
-628
Let v(m) = -11247*m - 56181. Give v(-5).
54
Let z(m) = 62*m**2 - 2299*m + 2413. Determine z(36).
1
Let j(a) = -20715*a + 20690. What is j(1)?
-25
Let d(k) = -k**3 - 33*k**2 + 187*k + 9164. Give d(-28).
8
Let j(c) = 65448*c + 7853753. What is j(-120)?
-7
Let r(z) = 16*z**3 + 94*z**2 - 40*z - 288. What is r(-6)?
-120
Let r(d) = -1392*d + 9732. What is r(7)?
-12
Let r(q) = -q**3 + 48*q**2 + 92*q - 243. Determine r(50).
-643
Let v(i) = -i**2 - 87*i + 4048. Calculate v(-119).
240
Let a(t) = 1909*t - 68731. Calculate a(36).
-7
Let n(k) = 4*k**3 - 157*k**2 - 287*k - 77. Determine n(41).
-77
Let l(v) = v**3 + 638*v**2 + 5673*v - 381200. Give l(-628).
-4
Let v(k) = -8851*k**2 - 389449*k - 208. What is v(-44)?
12
Let x(w) = 2757*w + 38642. What is x(-14)?
44
Let p(g) = -15*g**2 - 855*g - 4608. What is p(-51)?
-18
Let d(s) = 14*s**2 + 922*s - 22577. Give d(19).
-5
Let o(t) = -272*t + 1201. What is o(3)?
385
Let a(m) = 3*m**3 + 5*m**2 - 12*m - 34. What is a(-6)?
-430
Let k(h) = -6093*h**3 - 16*h**2 + 3*h + 19. What is k(-1)?
6093
Let x(g) = -g**3 + 25*g**2 + 1114*g - 1461. Determine x(-24).
27
Let p(i) = 6722*i + 3414769. What is p(-508)?
-7
Let j(x) = -5953*x - 41639. Calculate j(-7).
32
Let g(q) = 17*q**2 - 8899*q - 4602. Determine g(524).
114
Let d(s) = -260962*s + 3392511. Determine d(13).
5
Let y(q) = -2*q**3 + 2*q**2 - 3*q - 196. Determine y(0).
-196
Let q(t) = 2303*t - 149728. Calculate q(65).
-33
Let y(i) = -359*i + 2164. Calculate y(3).
1087
Let z(x) = -x**3 + 12*x**2 - 7622*x + 30367. What is z(4)?
7
Let q(n) = n**3 - 62*n**2 - 1114*n - 2742. Determine q(-3).
15
Let f(h) = h**2 + 1240*h + 258537. Give f(-265).
162
Let l(t) = -10*t**2 + 6332*t - 13815. Calculate l(631).
67
Let k(x) = 8*x**2 + 672*x - 27356. Give k(-114).
4
Let l(s) = 1514*s + 77. Calculate l(2).
3105
Let k(m) = 2*m**2 + 139*m - 2209. Give k(14).
129
Let n(i) = -14606*i + 1066242. Calculate n(73).
4
Let g(p) = -4*p**2 - 5266*p - 36659. Determine g(-7).
7
Let n(b) = 473*b + 88843. Determine n(-188).
-81
Let d(x) = 4*x**3 - 930*x**2 + 419*x + 10440. Give d(232).
0
Let v(d) = -6*d**2 + 16109*d + 48389. Determine v(-3).
8
Let i(q) = 6*q**2 + 354*q - 8244. What is i(-77)?
72
Let b(a) = a**3 + 221*a**2 + 93*a + 20553. What is b(-221)?
0
Let s(y) = 91*y**3 + 1247*y**2 - 44*y + 29. Determine s(-14).
-4647
Let m(c) = 4*c**2 + 134725*c + 538920. What is m(-4)?
84
Let g(f) = f**3 - 40*f**2 - 155*f - 11013. Give g(48).
-21
Let l(w) = 4316*w - 159665. Give l(37).
27
Let o(w) = -526080*w - 8943358. Give o(-17).
2
Let o(d) = 7*d**3 + 10*d**2 - 67*d - 293. What is o(-4)?
-313
Let v(j) = -4*j**3 - 45*j**2 - 121*j + 80. What is v(-9)?
440
Let i(h) = -h**2 + 143266*h + 4298875. Give i(-30).
-5
Let z(m) = -m**2 - 170*m + 4025. Calculate z(-191).
14
Let c(r) = -523*r**2 + 6*r + 36. Give c(0).
36
Let t(v) = v**3 + 3*v**2 + 52*v - 418. What is t(10)?
1402
Let g(x) = -1336*x + 28191. Give g(21).
135
Let t(a) = 25*a**3 - 1298*a**2 - 2693*a - 1. Calculate t(-2).
-7
Let j(q) = -33*q**2 - 292*q + 677. What is j(2)?
-39
Let w(p) = -p**2 + 72*p - 1488. Give w(57).
-633
Let t(f) = 34497*f + 310489. Determine t(-9).
16
Let s(j) = j**2 + 573*j - 58146. Give s(88).
22
Let s(i) = 13*i**2 + 15*i + 45. Give s(-7).
577
Let y(w) = 19676*w - 865734. What is y(44)?
10
Let k(m) = -814*m + 786309. Give k(966).
-15
Let w(j) = -j**2 + 98*j - 2486. Determine w(20).
-926
Let y(n) = -4*n**3 - 3*n**2 - 89*n - 418. Calculate y(-7).
1430
Let y(d) = 2*d**2 - 247*d + 2375. What is y(10)?
105
Let p(c) = 115*c + 823. Give p(-6).
133
Let x(u) = u**2 + 7049*u - 14094. What is x(2)?
8
Let k(h) = h**3 + 354*h**2 + 1451*h + 17866. Determine k(-350).
16
Let w(a) = -3694*a - 55492. Determine w(-15).
-82
Let k(m) = -76*m + 11479. Calculate k(151).
3
Let p(r) = 54*r - 592. Determine p(25).
758
Let q(y) = -y**2 - 33*y + 1105. Give q(-44).
621
Let i(r) = 8*r**3 - 448*r**2 - 23*r + 959. Determine i(56).
-329
Let o(a) = -22578*a + 541857. What is o(24)?
-15
Let c(k) = -2960*k - 290107. Calculate c(-98).
-27
Let t(j) = 1135*j - 137300. Give t(121).
35
Let f(u) = u**3 - 52*u**2 - 258*u - 1437. Determine f(57).
102
Let s(h) = 13*h**2 - 128*h + 993. Give s(10).
1013
Let x(k) = 2737*k + 11177. What is x(-4)?
229
Let h(r) = -10*r**2 - 22*r + 20. Determine h(-2).
24
Let t(u) = 28*u**2 - 41*u - 2502. Determine t(-9).
135
Let d(k) = 5773*k - 404070. Determine d(70).
40
Let k(f) = -79*f + 5817. Determine k(72).
129
Let f(k) = 8610*k + 490376. Give f(-57).
-394
Let y(x) = -1083*x - 3446. Determine y(-4).
886
Let z(k) = -k**2 - 201*k - 8426. Calculate z(-136).
414
Let w(g) = -g**3 - 9*g**2 + 398*g + 4925. What is w(-13)?
427
Let u(d) = 4*d**2 - 70028*d - 1121481. Calculate u(-16).
-9
Let m(h) = h**3 + 37*h**2 + 248*h + 56. Determine m(-20).
1896
Let n(q) = -q**3 - 2*q**2 - 68*q + 748. What is n(0)?
748
Let g(s) = s**3 - 18*s**2 - 177*s + 1311. What is g(21)?
-1083
Let u(b) = 13325*b**2 - 39997*b + 12. Give u(3).
-54
Let u(p) = -22627*p - 22730. Calculate u(-1).
-103
Let n(y) = -139122*y + 278245. Give n(2).
1
Let x(s) = -19*s**2 + 220*s - 123. What is x(8)?
421
Let l(j) = -11*j**2 - 7730*j - 106059. Determine l(-14).
5
Let t(y) = 1058*y - 5812. What is t(7)?
1594
Let t(c) = 8*c**2 + 573*c - 3380. Determine t(-77).
-69
Le